s the highest common divisor of 67 and 3551?
67
Calculate the highest common factor of 160 and 128.
32
What is the greatest common divisor of 49 and 280?
7
Calculate the greatest common factor of 357 and 21.
21
What is the highest common factor of 58 and 203?
29
What is the greatest common divisor of 2892 and 24?
12
Calculate the highest common divisor of 200 and 1760.
40
Calculate the greatest common divisor of 165 and 45.
15
What is the highest common divisor of 7696 and 364?
52
What is the highest common divisor of 572 and 792?
44
What is the greatest common divisor of 2295 and 85?
85
What is the highest common factor of 22 and 352?
22
What is the highest common divisor of 988 and 234?
26
What is the greatest common factor of 16678 and 217?
31
Calculate the highest common factor of 2464 and 8932.
308
What is the highest common divisor of 244 and 76?
4
What is the greatest common divisor of 156 and 1833?
39
What is the greatest common factor of 32 and 1696?
32
What is the highest common divisor of 5780 and 25?
5
What is the greatest common factor of 87 and 183?
3
What is the highest common factor of 275 and 1331?
11
What is the greatest common factor of 16 and 9808?
16
Calculate the greatest common divisor of 1458 and 36.
18
Calculate the greatest common factor of 1411 and 166.
83
What is the greatest common divisor of 104 and 26?
26
What is the highest common divisor of 153 and 18?
9
Calculate the highest common factor of 452 and 6667.
113
Calculate the highest common factor of 3321 and 123.
123
Calculate the highest common factor of 183 and 42639.
183
What is the greatest common factor of 6 and 27066?
6
Calculate the greatest common divisor of 11963 and 7.
7
Calculate the greatest common factor of 944 and 48.
16
Calculate the highest common factor of 285 and 30305.
95
Calculate the greatest common factor of 266 and 182.
14
What is the highest common divisor of 2786 and 7?
7
Calculate the highest common divisor of 24 and 2748.
12
Calculate the highest common factor of 95 and 361.
19
What is the highest common factor of 1393 and 28?
7
Calculate the greatest common factor of 42 and 1029.
21
Calculate the greatest common divisor of 119 and 14.
7
Calculate the highest common factor of 72 and 8.
8
Calculate the highest common divisor of 1219 and 161.
23
Calculate the greatest common divisor of 84 and 48.
12
Calculate the highest common divisor of 1242 and 324.
54
What is the greatest common divisor of 2793 and 98?
49
What is the greatest common factor of 524 and 140?
4
What is the highest common divisor of 8248 and 40?
8
Calculate the greatest common factor of 35 and 315.
35
Calculate the greatest common divisor of 10 and 1510.
10
Calculate the highest common factor of 63 and 7.
7
Calculate the greatest common divisor of 341 and 124.
31
What is the greatest common divisor of 1358 and 224?
14
What is the greatest common factor of 1540 and 1309?
77
What is the highest common factor of 1666 and 686?
98
What is the highest common factor of 658 and 94?
94
Calculate the highest common divisor of 9 and 8.
1
What is the highest common factor of 38 and 133?
19
Calculate the highest common factor of 59 and 236.
59
What is the greatest common divisor of 3016 and 56?
8
Calculate the greatest common factor of 2775 and 74.
37
What is the greatest common factor of 104 and 2249?
13
Calculate the highest common factor of 638 and 22.
22
What is the highest common factor of 25 and 15?
5
What is the greatest common factor of 288 and 10224?
144
What is the highest common divisor of 256 and 216?
8
Calculate the greatest common divisor of 192 and 64.
64
Calculate the highest common factor of 78 and 234.
78
Calculate the greatest common divisor of 3 and 3117.
3
What is the highest common divisor of 238 and 68?
34
Calculate the greatest common divisor of 57 and 19551.
57
Calculate the highest common factor of 21 and 237.
3
What is the highest common divisor of 91 and 4238?
13
Calculate the highest common factor of 10 and 250.
10
Calculate the greatest common factor of 1618 and 2.
2
What is the highest common divisor of 35 and 15?
5
What is the greatest common divisor of 69 and 1357?
23
What is the highest common divisor of 175380 and 30?
30
What is the greatest common divisor of 25 and 241?
1
What is the greatest common factor of 119 and 527?
17
Calculate the highest common factor of 28 and 4844.
28
Calculate the greatest common factor of 156 and 132.
12
Calculate the greatest common divisor of 2608 and 16.
16
Calculate the highest common divisor of 76 and 608.
76
What is the highest common divisor of 549 and 27?
9
Calculate the greatest common divisor of 11 and 319.
11
Calculate the highest common divisor of 48 and 2928.
48
What is the highest common factor of 8 and 3412?
4
Calculate the greatest common divisor of 800 and 8160.
160
What is the highest common divisor of 13 and 18785?
13
What is the highest common divisor of 182 and 7?
7
Calculate the highest common factor of 10 and 17500.
10
What is the greatest common factor of 702 and 46?
2
What is the greatest common divisor of 1 and 269?
1
Calculate the highest common divisor of 8 and 856.
8
What is the greatest common factor of 357 and 255?
51
Calculate the greatest common factor of 5052 and 24.
12
Calculate the greatest common factor of 160 and 128.
32
Calculate the greatest common factor of 128 and 20.
4
Calculate the greatest common factor of 4 and 836.
4
What is the greatest common divisor of 92 and 69?
23
Calculate the greatest common factor of 112 and 378.
14
What is the highest common divisor of 266 and 3325?
133
Calculate the highest common factor of 2096 and 80.
16
What is the greatest common factor of 22 and 143?
11
Calculate the greatest common factor of 310 and 30.
10
Calculate the highest common divisor of 8 and 188.
4
What is the highest common divisor of 4660 and 80?
20
Calculate the greatest common factor of 51 and 14841.
51
Calculate the highest common factor of 90 and 585.
45
Calculate the greatest common divisor of 1586 and 122.
122
What is the greatest common factor of 189 and 3807?
27
Calculate the greatest common divisor of 70 and 115.
5
Calculate the greatest common divisor of 7360 and 128.
64
What is the greatest common factor of 35213 and 23?
23
What is the greatest common factor of 18 and 4122?
18
What is the greatest common divisor of 32 and 1504?
32
Calculate the highest common divisor of 240 and 30.
30
What is the greatest common factor of 183 and 1037?
61
Calculate the greatest common divisor of 510 and 17.
17
Calculate the greatest common factor of 399 and 336.
21
Calculate the highest common factor of 120 and 1000.
40
What is the highest common divisor of 243 and 27?
27
Calculate the highest common factor of 2975 and 50.
25
What is the greatest common divisor of 56 and 364?
28
What is the highest common factor of 60 and 1452?
12
Calculate the highest common factor of 24 and 84.
12
Calculate the greatest common factor of 129 and 344.
43
What is the highest common divisor of 8 and 28?
4
Calculate the highest common factor of 2522 and 7372.
194
What is the greatest common factor of 62 and 1054?
62
Calculate the greatest common factor of 470 and 10.
10
What is the greatest common factor of 1056 and 231?
33
What is the highest common factor of 90 and 1035?
45
What is the highest common divisor of 242 and 154?
22
Calculate the highest common factor of 98 and 4361.
49
Calculate the greatest common divisor of 136 and 85.
17
Calculate the highest common divisor of 500 and 1180.
20
What is the greatest common factor of 144 and 64?
16
What is the greatest common divisor of 120 and 14940?
60
What is the highest common divisor of 4437 and 612?
153
Calculate the highest common factor of 16 and 848.
16
Calculate the highest common factor of 3952 and 208.
208
What is the greatest common factor of 11 and 2189?
11
What is the highest common factor of 160 and 116?
4
Calculate the greatest common factor of 12 and 2502.
6
What is the highest common factor of 3068 and 104?
52
What is the highest common factor of 609 and 189?
21
Calculate the greatest common divisor of 12 and 6.
6
What is the greatest common divisor of 290 and 232?
58
Calculate the highest common divisor of 695 and 556.
139
Calculate 